when 108 is divided by 37?
34
What is the remainder when 139 is divided by 103?
36
Calculate the remainder when 213 is divided by 116.
97
Calculate the remainder when 157 is divided by 53.
51
What is the remainder when 24336 is divided by 133?
130
Calculate the remainder when 218 is divided by 15.
8
Calculate the remainder when 12409 is divided by 63.
61
What is the remainder when 51 is divided by 21?
9
What is the remainder when 56 is divided by 20?
16
What is the remainder when 79490 is divided by 14?
12
What is the remainder when 1537 is divided by 140?
137
Calculate the remainder when 8414 is divided by 55.
54
Calculate the remainder when 3950 is divided by 26.
24
Calculate the remainder when 6734 is divided by 8.
6
What is the remainder when 206 is divided by 53?
47
Calculate the remainder when 1128 is divided by 23.
1
What is the remainder when 266 is divided by 53?
1
What is the remainder when 267 is divided by 6?
3
What is the remainder when 441 is divided by 43?
11
What is the remainder when 191 is divided by 13?
9
What is the remainder when 176 is divided by 27?
14
Calculate the remainder when 260 is divided by 58.
28
Calculate the remainder when 46 is divided by 24.
22
What is the remainder when 88 is divided by 74?
14
Calculate the remainder when 671 is divided by 16.
15
What is the remainder when 162 is divided by 85?
77
Calculate the remainder when 225 is divided by 60.
45
Calculate the remainder when 5556 is divided by 14.
12
What is the remainder when 255 is divided by 95?
65
What is the remainder when 7305 is divided by 31?
20
Calculate the remainder when 48 is divided by 10.
8
What is the remainder when 4018 is divided by 10?
8
What is the remainder when 142 is divided by 12?
10
What is the remainder when 544 is divided by 174?
22
What is the remainder when 1605 is divided by 67?
64
Calculate the remainder when 712 is divided by 234.
10
What is the remainder when 103 is divided by 3?
1
What is the remainder when 821 is divided by 396?
29
Calculate the remainder when 738 is divided by 13.
10
What is the remainder when 43 is divided by 36?
7
Calculate the remainder when 1473 is divided by 63.
24
Calculate the remainder when 799 is divided by 32.
31
What is the remainder when 3112 is divided by 35?
32
What is the remainder when 835 is divided by 60?
55
Calculate the remainder when 1315 is divided by 47.
46
What is the remainder when 56 is divided by 45?
11
What is the remainder when 27 is divided by 17?
10
Calculate the remainder when 48 is divided by 24.
0
Calculate the remainder when 1431 is divided by 5.
1
Calculate the remainder when 493 is divided by 11.
9
What is the remainder when 134 is divided by 12?
2
What is the remainder when 788 is divided by 132?
128
Calculate the remainder when 5117 is divided by 40.
37
What is the remainder when 27 is divided by 17?
10
What is the remainder when 1470 is divided by 489?
3
Calculate the remainder when 30 is divided by 2.
0
What is the remainder when 348 is divided by 37?
15
What is the remainder when 99 is divided by 25?
24
What is the remainder when 59 is divided by 15?
14
What is the remainder when 7280 is divided by 2425?
5
Calculate the remainder when 232 is divided by 57.
4
What is the remainder when 178 is divided by 59?
1
What is the remainder when 65 is divided by 4?
1
What is the remainder when 35 is divided by 18?
17
What is the remainder when 780 is divided by 36?
24
What is the remainder when 238 is divided by 69?
31
What is the remainder when 51 is divided by 40?
11
Calculate the remainder when 56 is divided by 21.
14
Calculate the remainder when 114 is divided by 26.
10
Calculate the remainder when 172 is divided by 4.
0
What is the remainder when 550 is divided by 29?
28
Calculate the remainder when 362 is divided by 61.
57
What is the remainder when 738 is divided by 43?
7
Calculate the remainder when 60 is divided by 18.
6
Calculate the remainder when 174 is divided by 23.
13
What is the remainder when 4123 is divided by 25?
23
Calculate the remainder when 43 is divided by 6.
1
Calculate the remainder when 68 is divided by 32.
4
What is the remainder when 10584 is divided by 67?
65
What is the remainder when 4059 is divided by 14?
13
What is the remainder when 348 is divided by 8?
4
What is the remainder when 788 is divided by 237?
77
What is the remainder when 1950 is divided by 19?
12
Calculate the remainder when 259 is divided by 55.
39
Calculate the remainder when 42 is divided by 8.
2
What is the remainder when 158 is divided by 90?
68
Calculate the remainder when 430 is divided by 109.
103
What is the remainder when 398 is divided by 83?
66
What is the remainder when 85 is divided by 16?
5
Calculate the remainder when 838 is divided by 32.
6
Calculate the remainder when 142 is divided by 23.
4
What is the remainder when 77 is divided by 52?
25
Calculate the remainder when 243 is divided by 4.
3
What is the remainder when 351 is divided by 32?
31
Calculate the remainder when 274 is divided by 137.
0
What is the remainder when 48 is divided by 24?
0
What is the remainder when 260 is divided by 68?
56
What is the remainder when 1225 is divided by 405?
10
Calculate the remainder when 124 is divided by 10.
4
What is the remainder when 202 is divided by 42?
34
Calculate the remainder when 11785 is divided by 14.
11
What is the remainder when 326 is divided by 83?
77
Calculate the remainder when 9178 is divided by 67.
66
Calculate the remainder when 2573 is divided by 99.
98
What is the remainder when 918 is divided by 84?
78
Calculate the remainder when 765 is divided by 28.
9
What is the remainder when 16 is divided by 11?
5
What is the remainder when 351 is divided by 72?
63
Calculate the remainder when 613 is divided by 108.
73
Calculate the remainder when 8772 is divided by 337.
10
What is the remainder when 540 is divided by 28?
8
What is the remainder when 526 is divided by 281?
245
Calculate the remainder when 156 is divided by 10.
6
What is the remainder when 430 is divided by 14?
10
Calculate the remainder when 215 is divided by 7.
5
What is the remainder when 3977 is divided by 398?
395
Calculate the remainder when 102 is divided by 21.
18
Calculate the remainder when 3768 is divided by 145.
143
Calculate the remainder when 172 is divided by 44.
40
What is the remainder when 152 is divided by 3?
2
Calculate the remainder when 506 is divided by 39.
38
What is the remainder when 58 is divided by 20?
18
What is the remainder when 114 is divided by 37?
3
Calculate the remainder when 547 is divided by 50.
47
Calculate the remainder when 3340 is divided by 12.
4
What is the remainder when 426 is divided by 141?
3
Calculate the remainder when 280 is divided by 87.
19
What is the remainder when 567 is divided by 275?
17
What is the remainder when 357 is divided by 181?
176
What is the remainder when 54 is divided by 6?
0
What is the remainder when 1421 is divided by 27?
17
Calculate the remainder when 5321 is divided by 1771.
8
Calculate the remainder when 425 is divided by 420.
5
Calculate the remainder when 1655 is divided by 64.
55
What is the remainder when 1459 is divided by 133?
129
Calculate the remainder when 3455 is divided by 18.
17
What is the remainder when 2382 is divided by 159?
156
Calculate the remainder when 561 is divided by 26.
15
What is the remainder when 63 is divided by 35?
28
What is the remainder when 449 is divided by 30?
29
What is the remainder when 876 is divided by 219?
0
Calculate the remainder when 44 is divided by 12.
8
Calculate the remainder when 180 is divided by 38.
28
Calculate the remainder when 401 is divided by 212.
189
What is the remainder when 353 is divided by 140?
73
What is the remainder when 230 is divided by 21?
20
Calculate the remainder when 1737 is divided by 458.
363
What is the remainder when 1402 is divided by 199?
9
What is the remainder when 222 is divided by 114?
108
What is the remainder when 128 is divided by 117?
11
Calculate the remainder when 237 is divided by 72.
21
Calculate the remainder when 30 is divided by 30.
0
What is the remainder when 766 is divided by 32?
30
Calculate the remainder when 1046 is divided by 206.
16
What is the remainder when 90 is divided by 23?
21
What is the remainder 